{"id":8157,"date":"2025-04-08T14:31:48","date_gmt":"2025-04-08T14:31:48","guid":{"rendered":"https:\/\/decarbcities.eu\/?page_id=8157"},"modified":"2025-05-09T14:07:40","modified_gmt":"2025-05-09T14:07:40","slug":"our-partners-media-and-associations","status":"publish","type":"page","link":"https:\/\/decarbcities.eu\/pl\/our-partners-media-and-associations\/","title":{"rendered":"Nasi partnerzy - media i stowarzyszenia"},"content":{"rendered":"<div class=\"wp-block-media-text has-media-on-the-right is-stacked-on-mobile\"><div class=\"wp-block-media-text__content\">\n<p><em>The <a href=\"https:\/\/teitimes.com\/\">Energy Industry Times<\/a> to miesi\u0119cznik po\u015bwi\u0119cony dostarczaniu wybiegaj\u0105cych w przysz\u0142o\u015b\u0107 raport\u00f3w na temat kluczowych kwestii nap\u0119dzaj\u0105cych ten ekscytuj\u0105cy sektor. Nareszcie \u0142atwy spos\u00f3b, aby by\u0107 na bie\u017c\u0105co z najnowszymi wiadomo\u015bciami z sektora energetycznego - ze \u017ar\u00f3d\u0142a, kt\u00f3remu mo\u017cna zaufa\u0107.<\/em><\/p>\n<\/div><figure class=\"wp-block-media-text__media\"><img loading=\"lazy\" decoding=\"async\" width=\"1030\" height=\"223\" src=\"https:\/\/decarbcities.eu\/wp-content\/uploads\/2025\/05\/Energy-Industry-Times-logo-1030x223.jpg\" alt=\"\" class=\"wp-image-8494 size-full\" srcset=\"https:\/\/decarbcities.eu\/wp-content\/uploads\/2025\/05\/Energy-Industry-Times-logo-1030x223.jpg 1030w, https:\/\/decarbcities.eu\/wp-content\/uploads\/2025\/05\/Energy-Industry-Times-logo-300x65.jpg 300w, https:\/\/decarbcities.eu\/wp-content\/uploads\/2025\/05\/Energy-Industry-Times-logo-768x166.jpg 768w, https:\/\/decarbcities.eu\/wp-content\/uploads\/2025\/05\/Energy-Industry-Times-logo-1536x332.jpg 1536w, https:\/\/decarbcities.eu\/wp-content\/uploads\/2025\/05\/Energy-Industry-Times-logo-2048x443.jpg 2048w, https:\/\/decarbcities.eu\/wp-content\/uploads\/2025\/05\/Energy-Industry-Times-logo-18x4.jpg 18w\" sizes=\"auto, (max-width: 1030px) 100vw, 1030px\" \/><\/figure><\/div>\n\n\n\n<div class=\"wp-block-media-text is-stacked-on-mobile\"><figure class=\"wp-block-media-text__media\"><a href=\"https:\/\/revolve.media\/\"><img loading=\"lazy\" decoding=\"async\" width=\"1030\" height=\"338\" src=\"https:\/\/decarbcities.eu\/wp-content\/uploads\/2025\/04\/REVOLVE-negative-1-1030x338.png\" alt=\"\" class=\"wp-image-8205 size-full\" srcset=\"https:\/\/decarbcities.eu\/wp-content\/uploads\/2025\/04\/REVOLVE-negative-1-1030x338.png 1030w, https:\/\/decarbcities.eu\/wp-content\/uploads\/2025\/04\/REVOLVE-negative-1-300x98.png 300w, https:\/\/decarbcities.eu\/wp-content\/uploads\/2025\/04\/REVOLVE-negative-1-768x252.png 768w, https:\/\/decarbcities.eu\/wp-content\/uploads\/2025\/04\/REVOLVE-negative-1-1536x504.png 1536w, https:\/\/decarbcities.eu\/wp-content\/uploads\/2025\/04\/REVOLVE-negative-1-18x6.png 18w, https:\/\/decarbcities.eu\/wp-content\/uploads\/2025\/04\/REVOLVE-negative-1.png 2000w\" sizes=\"auto, (max-width: 1030px) 100vw, 1030px\" \/><\/a><\/figure><div class=\"wp-block-media-text__content\">\n<p><em><u><a href=\"https:\/\/revolve.media\/\">REVOLVE<\/a><\/u>&nbsp;to grupa komunikacyjna promuj\u0105ca kultur\u0119 zr\u00f3wnowa\u017conego rozwoju. REVOLVE wspiera liczne projekty zorientowane na zr\u00f3wnowa\u017cony rozw\u00f3j, aby zmaksymalizowa\u0107 ich wp\u0142yw, kieruj\u0105c strategi\u0105 komunikacji i rozpowszechniania, brandingiem wizualnym, tworzeniem tre\u015bci, analiz\u0105, organizacj\u0105 wydarze\u0144 i relacjami prasowymi. REVOLVE wsp\u00f3\u0142pracuje z partnerami przy tworzeniu specjalnych raport\u00f3w dotycz\u0105cych zr\u00f3wnowa\u017conego rozwoju i publikuje w\u0142asny, wielokrotnie nagradzany kwartalnik po\u015bwi\u0119cony zr\u00f3wnowa\u017conemu zarz\u0105dzaniu ekosystemami, transformacji energetycznej, bezpiecze\u0144stwu wodnemu, ekologicznej mobilno\u015bci i gospodarce o obiegu zamkni\u0119tym.<\/em><\/p>\n<\/div><\/div>\n\n\n\n<div class=\"wp-block-media-text has-media-on-the-right is-stacked-on-mobile\"><div class=\"wp-block-media-text__content\">\n<p><em>Z ponad 140 cz\u0142onkami w 30 krajach, <a href=\"https:\/\/www.euroheat.org\/\" data-type=\"link\" data-id=\"https:\/\/www.euroheat.org\/\">Euroheat &amp; Power<\/a> skupia zr\u00f3\u017cnicowan\u0105 spo\u0142eczno\u015b\u0107 interesariuszy z krajowych stowarzysze\u0144, firm, start-up\u00f3w, firm konsultingowych i uniwersytet\u00f3w.&nbsp;<\/em><\/p>\n\n\n\n<p><em>Wspieraj\u0105 swoich cz\u0142onk\u00f3w w:<\/em>&nbsp;<\/p>\n\n\n\n<p><em>Nawi\u0105zywanie w\u0142a\u015bciwych kontakt\u00f3w biznesowych i tworzenie dobrze prosperuj\u0105cego \u015brodowiska biznesowego dla system\u00f3w ciep\u0142owniczych i ch\u0142odniczych<\/em><\/p>\n\n\n\n<p><em>Promowanie kluczowej roli sieci ciep\u0142owniczych i ch\u0142odniczych w celu pe\u0142nej dekarbonizacji ogrzewania i ch\u0142odzenia w Europie<\/em> <em>przed 2050 r.&nbsp;<\/em><\/p>\n\n\n\n<p>Wsp\u00f3\u0142praca z Europ\u0105<em>ean decydenci polityczni, aby przyspieszy\u0107 wdra\u017canie zr\u00f3wnowa\u017conych rozwi\u0105za\u0144 w zakresie lokalnego ogrzewania i ch\u0142odzenia<\/em>&nbsp;<\/p>\n<\/div><figure class=\"wp-block-media-text__media\"><img loading=\"lazy\" decoding=\"async\" width=\"1030\" height=\"344\" src=\"https:\/\/decarbcities.eu\/wp-content\/uploads\/2025\/04\/EHPlogo-Dark-Green-1030x344.png\" alt=\"\" class=\"wp-image-8248 size-full\" srcset=\"https:\/\/decarbcities.eu\/wp-content\/uploads\/2025\/04\/EHPlogo-Dark-Green-1030x344.png 1030w, https:\/\/decarbcities.eu\/wp-content\/uploads\/2025\/04\/EHPlogo-Dark-Green-300x100.png 300w, https:\/\/decarbcities.eu\/wp-content\/uploads\/2025\/04\/EHPlogo-Dark-Green-768x256.png 768w, https:\/\/decarbcities.eu\/wp-content\/uploads\/2025\/04\/EHPlogo-Dark-Green-18x6.png 18w, https:\/\/decarbcities.eu\/wp-content\/uploads\/2025\/04\/EHPlogo-Dark-Green.png 1051w\" sizes=\"auto, (max-width: 1030px) 100vw, 1030px\" \/><\/figure><\/div>\n\n\n\n<div class=\"wp-block-media-text is-stacked-on-mobile\"><figure class=\"wp-block-media-text__media\"><img loading=\"lazy\" decoding=\"async\" width=\"1030\" height=\"387\" src=\"https:\/\/decarbcities.eu\/wp-content\/uploads\/2025\/04\/eurelectric_powering-people_RGB_blue-green-1030x387.png\" alt=\"\" class=\"wp-image-8285 size-full\" srcset=\"https:\/\/decarbcities.eu\/wp-content\/uploads\/2025\/04\/eurelectric_powering-people_RGB_blue-green-1030x387.png 1030w, https:\/\/decarbcities.eu\/wp-content\/uploads\/2025\/04\/eurelectric_powering-people_RGB_blue-green-300x113.png 300w, https:\/\/decarbcities.eu\/wp-content\/uploads\/2025\/04\/eurelectric_powering-people_RGB_blue-green-768x289.png 768w, https:\/\/decarbcities.eu\/wp-content\/uploads\/2025\/04\/eurelectric_powering-people_RGB_blue-green-18x7.png 18w, https:\/\/decarbcities.eu\/wp-content\/uploads\/2025\/04\/eurelectric_powering-people_RGB_blue-green.png 1200w\" sizes=\"auto, (max-width: 1030px) 100vw, 1030px\" \/><\/figure><div class=\"wp-block-media-text__content\">\n<p>Eurelectric jest g\u0142osem europejskiego przemys\u0142u elektroenergetycznego, kt\u00f3ry przewodzi transformacji w kierunku przysz\u0142o\u015bci neutralnej pod wzgl\u0119dem emisji dwutlenku w\u0119gla. Do\u0142\u0105cz do czo\u0142owych lider\u00f3w bran\u017cy energetycznej na&nbsp;<strong>wielokrotnie nagradzany szczyt Power Summit<\/strong>odbywaj\u0105ce si\u0119 w dniu&nbsp;<strong>3-4 czerwca 2025 r. w Maison de la Poste, Bruksela<\/strong>. Nie przegap tej premiery<strong>t - <a href=\"http:\/\/powersummit2025.eurelectric.org\">zarejestruj si\u0119 teraz<\/a>&nbsp;<\/strong>i pom\u00f3\u017c kszta\u0142towa\u0107 przysz\u0142o\u015b\u0107 energii!<\/p>\n<\/div><\/div>","protected":false},"excerpt":{"rendered":"<p>Energy Industry Times to miesi\u0119cznik po\u015bwi\u0119cony dostarczaniu wybiegaj\u0105cych w przysz\u0142o\u015b\u0107 raport\u00f3w na temat kluczowych kwestii nap\u0119dzaj\u0105cych ten ekscytuj\u0105cy sektor. Nareszcie \u0142atwy spos\u00f3b, aby by\u0107 na bie\u017c\u0105co z najnowszymi wiadomo\u015bciami z sektora energetycznego - ze \u017ar\u00f3d\u0142a, kt\u00f3remu mo\u017cna zaufa\u0107. REVOLVE to grupa komunikacyjna promuj\u0105ca kultur\u0119 zr\u00f3wnowa\u017conego rozwoju. REVOLVE wspiera [...]<\/p>","protected":false},"author":14,"featured_media":0,"parent":0,"menu_order":0,"comment_status":"closed","ping_status":"closed","template":"hpforum.php","meta":{"footnotes":""},"class_list":["post-8157","page","type-page","status-publish","hentry"],"acf":[],"_links":{"self":[{"href":"https:\/\/decarbcities.eu\/pl\/wp-json\/wp\/v2\/pages\/8157","targetHints":{"allow":["GET"]}}],"collection":[{"href":"https:\/\/decarbcities.eu\/pl\/wp-json\/wp\/v2\/pages"}],"about":[{"href":"https:\/\/decarbcities.eu\/pl\/wp-json\/wp\/v2\/types\/page"}],"author":[{"embeddable":true,"href":"https:\/\/decarbcities.eu\/pl\/wp-json\/wp\/v2\/users\/14"}],"replies":[{"embeddable":true,"href":"https:\/\/decarbcities.eu\/pl\/wp-json\/wp\/v2\/comments?post=8157"}],"version-history":[{"count":18,"href":"https:\/\/decarbcities.eu\/pl\/wp-json\/wp\/v2\/pages\/8157\/revisions"}],"predecessor-version":[{"id":8500,"href":"https:\/\/decarbcities.eu\/pl\/wp-json\/wp\/v2\/pages\/8157\/revisions\/8500"}],"wp:attachment":[{"href":"https:\/\/decarbcities.eu\/pl\/wp-json\/wp\/v2\/media?parent=8157"}],"curies":[{"name":"wp","href":"https:\/\/api.w.org\/{rel}","templated":true}]}}

<div class="wp-block-media-text has-media-on-the-right is-stacked-on-mobile"><div class="wp-block-media-text__content">
<p><em>The <a href="https://teitimes.com/">Energy Industry Times</a> to miesięcznik poświęcony dostarczaniu wybiegających w przyszłość raportów na temat kluczowych kwestii napędzających ten ekscytujący sektor. Nareszcie łatwy sposób, aby być na bieżąco z najnowszymi wiadomościami z sektora energetycznego - ze źródła, któremu można zaufać.</em></p>
</div><figure class="wp-block-media-text__media"><img loading="lazy" decoding="async" width="1030" height="223" src="https://decarbcities.eu/wp-content/uploads/2025/05/Energy-Industry-Times-logo-1030x223.jpg" alt="" class="wp-image-8494 size-full" srcset="https://decarbcities.eu/wp-content/uploads/2025/05/Energy-Industry-Times-logo-1030x223.jpg 1030w, https://decarbcities.eu/wp-content/uploads/2025/05/Energy-Industry-Times-logo-300x65.jpg 300w, https://decarbcities.eu/wp-content/uploads/2025/05/Energy-Industry-Times-logo-768x166.jpg 768w, https://decarbcities.eu/wp-content/uploads/2025/05/Energy-Industry-Times-logo-1536x332.jpg 1536w, https://decarbcities.eu/wp-content/uploads/2025/05/Energy-Industry-Times-logo-2048x443.jpg 2048w, https://decarbcities.eu/wp-content/uploads/2025/05/Energy-Industry-Times-logo-18x4.jpg 18w" sizes="auto, (max-width: 1030px) 100vw, 1030px" /></figure></div>



<div class="wp-block-media-text is-stacked-on-mobile"><figure class="wp-block-media-text__media"><a href="https://revolve.media/"><img loading="lazy" decoding="async" width="1030" height="338" src="https://decarbcities.eu/wp-content/uploads/2025/04/REVOLVE-negative-1-1030x338.png" alt="" class="wp-image-8205 size-full" srcset="https://decarbcities.eu/wp-content/uploads/2025/04/REVOLVE-negative-1-1030x338.png 1030w, https://decarbcities.eu/wp-content/uploads/2025/04/REVOLVE-negative-1-300x98.png 300w, https://decarbcities.eu/wp-content/uploads/2025/04/REVOLVE-negative-1-768x252.png 768w, https://decarbcities.eu/wp-content/uploads/2025/04/REVOLVE-negative-1-1536x504.png 1536w, https://decarbcities.eu/wp-content/uploads/2025/04/REVOLVE-negative-1-18x6.png 18w, https://decarbcities.eu/wp-content/uploads/2025/04/REVOLVE-negative-1.png 2000w" sizes="auto, (max-width: 1030px) 100vw, 1030px" /></a></figure><div class="wp-block-media-text__content">
<p><em><u><a href="https://revolve.media/">REVOLVE</a></u>&nbsp;to grupa komunikacyjna promująca kulturę zrównoważonego rozwoju. REVOLVE wspiera liczne projekty zorientowane na zrównoważony rozwój, aby zmaksymalizować ich wpływ, kierując strategią komunikacji i rozpowszechniania, brandingiem wizualnym, tworzeniem treści, analizą, organizacją wydarzeń i relacjami prasowymi. REVOLVE współpracuje z partnerami przy tworzeniu specjalnych raportów dotyczących zrównoważonego rozwoju i publikuje własny, wielokrotnie nagradzany kwartalnik poświęcony zrównoważonemu zarządzaniu ekosystemami, transformacji energetycznej, bezpieczeństwu wodnemu, ekologicznej mobilności i gospodarce o obiegu zamkniętym.</em></p>
</div></div>



<div class="wp-block-media-text has-media-on-the-right is-stacked-on-mobile"><div class="wp-block-media-text__content">
<p><em>Z ponad 140 członkami w 30 krajach, <a href="https://www.euroheat.org/" data-type="link" data-id="https://www.euroheat.org/">Euroheat &amp; Power</a> skupia zróżnicowaną społeczność interesariuszy z krajowych stowarzyszeń, firm, start-upów, firm konsultingowych i uniwersytetów.&nbsp;</em></p>



<p><em>Wspierają swoich członków w:</em>&nbsp;</p>



<p><em>Nawiązywanie właściwych kontaktów biznesowych i tworzenie dobrze prosperującego środowiska biznesowego dla systemów ciepłowniczych i chłodniczych</em></p>



<p><em>Promowanie kluczowej roli sieci ciepłowniczych i chłodniczych w celu pełnej dekarbonizacji ogrzewania i chłodzenia w Europie</em> <em>przed 2050 r.&nbsp;</em></p>



<p>Współpraca z Europą<em>ean decydenci polityczni, aby przyspieszyć wdrażanie zrównoważonych rozwiązań w zakresie lokalnego ogrzewania i chłodzenia</em>&nbsp;</p>
</div><figure class="wp-block-media-text__media"><img loading="lazy" decoding="async" width="1030" height="344" src="https://decarbcities.eu/wp-content/uploads/2025/04/EHPlogo-Dark-Green-1030x344.png" alt="" class="wp-image-8248 size-full" srcset="https://decarbcities.eu/wp-content/uploads/2025/04/EHPlogo-Dark-Green-1030x344.png 1030w, https://decarbcities.eu/wp-content/uploads/2025/04/EHPlogo-Dark-Green-300x100.png 300w, https://decarbcities.eu/wp-content/uploads/2025/04/EHPlogo-Dark-Green-768x256.png 768w, https://decarbcities.eu/wp-content/uploads/2025/04/EHPlogo-Dark-Green-18x6.png 18w, https://decarbcities.eu/wp-content/uploads/2025/04/EHPlogo-Dark-Green.png 1051w" sizes="auto, (max-width: 1030px) 100vw, 1030px" /></figure></div>



<div class="wp-block-media-text is-stacked-on-mobile"><figure class="wp-block-media-text__media"><img loading="lazy" decoding="async" width="1030" height="387" src="https://decarbcities.eu/wp-content/uploads/2025/04/eurelectric_powering-people_RGB_blue-green-1030x387.png" alt="" class="wp-image-8285 size-full" srcset="https://decarbcities.eu/wp-content/uploads/2025/04/eurelectric_powering-people_RGB_blue-green-1030x387.png 1030w, https://decarbcities.eu/wp-content/uploads/2025/04/eurelectric_powering-people_RGB_blue-green-300x113.png 300w, https://decarbcities.eu/wp-content/uploads/2025/04/eurelectric_powering-people_RGB_blue-green-768x289.png 768w, https://decarbcities.eu/wp-content/uploads/2025/04/eurelectric_powering-people_RGB_blue-green-18x7.png 18w, https://decarbcities.eu/wp-content/uploads/2025/04/eurelectric_powering-people_RGB_blue-green.png 1200w" sizes="auto, (max-width: 1030px) 100vw, 1030px" /></figure><div class="wp-block-media-text__content">
<p>Eurelectric jest głosem europejskiego przemysłu elektroenergetycznego, który przewodzi transformacji w kierunku przyszłości neutralnej pod względem emisji dwutlenku węgla. Dołącz do czołowych liderów branży energetycznej na&nbsp;<strong>wielokrotnie nagradzany szczyt Power Summit</strong>odbywające się w dniu&nbsp;<strong>3-4 czerwca 2025 r. w Maison de la Poste, Bruksela</strong>. Nie przegap tej premiery<strong>t - <a href="http://powersummit2025.eurelectric.org">zarejestruj się teraz</a>&nbsp;</strong>i pomóż kształtować przyszłość energii!</p>
</div></div>

<p>Energy Industry Times to miesięcznik poświęcony dostarczaniu wybiegających w przyszłość raportów na temat kluczowych kwestii napędzających ten ekscytujący sektor. Nareszcie łatwy sposób, aby być na bieżąco z najnowszymi wiadomościami z sektora energetycznego - ze źródła, któremu można zaufać. REVOLVE to grupa komunikacyjna promująca kulturę zrównoważonego rozwoju. REVOLVE wspiera [...]</p>
